{"id":146,"date":"2018-10-28T18:50:52","date_gmt":"2018-10-28T17:50:52","guid":{"rendered":"http:\/\/dopfontherun.com\/?page_id=146"},"modified":"2019-09-19T22:27:14","modified_gmt":"2019-09-19T20:27:14","slug":"reisen","status":"publish","type":"page","link":"https:\/\/dopfontherun.com\/?page_id=146","title":{"rendered":"Reisen"},"content":{"rendered":"\n<figure class=\"wp-block-image\"><img data-recalc-dims=\"1\" loading=\"lazy\" decoding=\"async\" width=\"720\" height=\"960\" src=\"https:\/\/i0.wp.com\/dopfontherun.com\/wp-content\/uploads\/2019\/09\/20190919_112715-e1568922229500-768x1024.jpg?resize=720%2C960&#038;ssl=1\" alt=\"\" class=\"wp-image-824\" srcset=\"https:\/\/i0.wp.com\/dopfontherun.com\/wp-content\/uploads\/2019\/09\/20190919_112715-e1568922229500.jpg?resize=768%2C1024&amp;ssl=1 768w, https:\/\/i0.wp.com\/dopfontherun.com\/wp-content\/uploads\/2019\/09\/20190919_112715-e1568922229500.jpg?resize=225%2C300&amp;ssl=1 225w, https:\/\/i0.wp.com\/dopfontherun.com\/wp-content\/uploads\/2019\/09\/20190919_112715-e1568922229500.jpg?w=1440&amp;ssl=1 1440w, https:\/\/i0.wp.com\/dopfontherun.com\/wp-content\/uploads\/2019\/09\/20190919_112715-e1568922229500.jpg?w=2160&amp;ssl=1 2160w\" sizes=\"auto, (max-width: 720px) 100vw, 720px\" \/><\/figure>\n\n\n\n<p>In dieser Kategorie findet ihr Berichte \u00fcber unsere kleinen und gr\u00f6sseren Reisen sowie einige Berichte \u00fcber verschiedene Campingpl\u00e4tze, auf denen wir waren.<\/p>\n","protected":false},"excerpt":{"rendered":"<p>In dieser Kategorie findet ihr Berichte \u00fcber unsere kleinen und gr\u00f6sseren Reisen sowie einige Berichte \u00fcber verschiedene Campingpl\u00e4tze, auf denen wir waren.<\/p>\n","protected":false},"author":2,"featured_media":0,"parent":0,"menu_order":0,"comment_status":"closed","ping_status":"closed","template":"","meta":{"footnotes":""},"class_list":["post-146","page","type-page","status-publish","hentry"],"yoast_head":"<!-- This site is optimized with the Yoast SEO plugin v27.4 - https:\/\/yoast.com\/product\/yoast-seo-wordpress\/ -->\n<title>Reisen - DOpfOnTheRun<\/title>\n<meta name=\"robots\" content=\"index, follow, max-snippet:-1, max-image-preview:large, max-video-preview:-1\" \/>\n<link rel=\"canonical\" href=\"https:\/\/dopfontherun.com\/?page_id=146\" \/>\n<meta property=\"og:locale\" content=\"de_DE\" \/>\n<meta property=\"og:type\" content=\"article\" \/>\n<meta property=\"og:title\" content=\"Reisen - DOpfOnTheRun\" \/>\n<meta property=\"og:description\" content=\"In dieser Kategorie findet ihr Berichte \u00fcber unsere kleinen und gr\u00f6sseren Reisen sowie einige Berichte \u00fcber verschiedene Campingpl\u00e4tze, auf denen wir waren.\" \/>\n<meta property=\"og:url\" content=\"https:\/\/dopfontherun.com\/?page_id=146\" \/>\n<meta property=\"og:site_name\" content=\"DOpfOnTheRun\" \/>\n<meta property=\"article:modified_time\" content=\"2019-09-19T20:27:14+00:00\" \/>\n<meta property=\"og:image\" content=\"https:\/\/dopfontherun.com\/wp-content\/uploads\/2019\/09\/20190919_112715-e1568922229500-768x1024.jpg\" \/>\n<meta name=\"twitter:card\" content=\"summary_large_image\" \/>\n<script type=\"application\/ld+json\" class=\"yoast-schema-graph\">{\"@context\":\"https:\\\/\\\/schema.org\",\"@graph\":[{\"@type\":\"WebPage\",\"@id\":\"https:\\\/\\\/dopfontherun.com\\\/?page_id=146\",\"url\":\"https:\\\/\\\/dopfontherun.com\\\/?page_id=146\",\"name\":\"Reisen - DOpfOnTheRun\",\"isPartOf\":{\"@id\":\"https:\\\/\\\/dopfontherun.com\\\/#website\"},\"primaryImageOfPage\":{\"@id\":\"https:\\\/\\\/dopfontherun.com\\\/?page_id=146#primaryimage\"},\"image\":{\"@id\":\"https:\\\/\\\/dopfontherun.com\\\/?page_id=146#primaryimage\"},\"thumbnailUrl\":\"https:\\\/\\\/dopfontherun.com\\\/wp-content\\\/uploads\\\/2019\\\/09\\\/20190919_112715-e1568922229500-768x1024.jpg\",\"datePublished\":\"2018-10-28T17:50:52+00:00\",\"dateModified\":\"2019-09-19T20:27:14+00:00\",\"breadcrumb\":{\"@id\":\"https:\\\/\\\/dopfontherun.com\\\/?page_id=146#breadcrumb\"},\"inLanguage\":\"de\",\"potentialAction\":[{\"@type\":\"ReadAction\",\"target\":[\"https:\\\/\\\/dopfontherun.com\\\/?page_id=146\"]}]},{\"@type\":\"ImageObject\",\"inLanguage\":\"de\",\"@id\":\"https:\\\/\\\/dopfontherun.com\\\/?page_id=146#primaryimage\",\"url\":\"https:\\\/\\\/i0.wp.com\\\/dopfontherun.com\\\/wp-content\\\/uploads\\\/2019\\\/09\\\/20190919_112715-e1568922229500.jpg?fit=3024%2C4032&ssl=1\",\"contentUrl\":\"https:\\\/\\\/i0.wp.com\\\/dopfontherun.com\\\/wp-content\\\/uploads\\\/2019\\\/09\\\/20190919_112715-e1568922229500.jpg?fit=3024%2C4032&ssl=1\",\"width\":3024,\"height\":4032},{\"@type\":\"BreadcrumbList\",\"@id\":\"https:\\\/\\\/dopfontherun.com\\\/?page_id=146#breadcrumb\",\"itemListElement\":[{\"@type\":\"ListItem\",\"position\":1,\"name\":\"Startseite\",\"item\":\"https:\\\/\\\/dopfontherun.com\\\/\"},{\"@type\":\"ListItem\",\"position\":2,\"name\":\"Reisen\"}]},{\"@type\":\"WebSite\",\"@id\":\"https:\\\/\\\/dopfontherun.com\\\/#website\",\"url\":\"https:\\\/\\\/dopfontherun.com\\\/\",\"name\":\"DOpfOnTheRun\",\"description\":\"Ein Dutch Oven unterwegs im Wohnmobil\",\"publisher\":{\"@id\":\"https:\\\/\\\/dopfontherun.com\\\/#organization\"},\"potentialAction\":[{\"@type\":\"SearchAction\",\"target\":{\"@type\":\"EntryPoint\",\"urlTemplate\":\"https:\\\/\\\/dopfontherun.com\\\/?s={search_term_string}\"},\"query-input\":{\"@type\":\"PropertyValueSpecification\",\"valueRequired\":true,\"valueName\":\"search_term_string\"}}],\"inLanguage\":\"de\"},{\"@type\":\"Organization\",\"@id\":\"https:\\\/\\\/dopfontherun.com\\\/#organization\",\"name\":\"DOpfOnTheRun\",\"url\":\"https:\\\/\\\/dopfontherun.com\\\/\",\"logo\":{\"@type\":\"ImageObject\",\"inLanguage\":\"de\",\"@id\":\"https:\\\/\\\/dopfontherun.com\\\/#\\\/schema\\\/logo\\\/image\\\/\",\"url\":\"https:\\\/\\\/i0.wp.com\\\/dopfontherun.com\\\/wp-content\\\/uploads\\\/2018\\\/10\\\/cropped-DOTR_Logo_150_headless.png?fit=147%2C114&ssl=1\",\"contentUrl\":\"https:\\\/\\\/i0.wp.com\\\/dopfontherun.com\\\/wp-content\\\/uploads\\\/2018\\\/10\\\/cropped-DOTR_Logo_150_headless.png?fit=147%2C114&ssl=1\",\"width\":147,\"height\":114,\"caption\":\"DOpfOnTheRun\"},\"image\":{\"@id\":\"https:\\\/\\\/dopfontherun.com\\\/#\\\/schema\\\/logo\\\/image\\\/\"}}]}<\/script>\n<!-- \/ Yoast SEO plugin. -->","yoast_head_json":{"title":"Reisen - DOpfOnTheRun","robots":{"index":"index","follow":"follow","max-snippet":"max-snippet:-1","max-image-preview":"max-image-preview:large","max-video-preview":"max-video-preview:-1"},"canonical":"https:\/\/dopfontherun.com\/?page_id=146","og_locale":"de_DE","og_type":"article","og_title":"Reisen - DOpfOnTheRun","og_description":"In dieser Kategorie findet ihr Berichte \u00fcber unsere kleinen und gr\u00f6sseren Reisen sowie einige Berichte \u00fcber verschiedene Campingpl\u00e4tze, auf denen wir waren.","og_url":"https:\/\/dopfontherun.com\/?page_id=146","og_site_name":"DOpfOnTheRun","article_modified_time":"2019-09-19T20:27:14+00:00","og_image":[{"url":"https:\/\/dopfontherun.com\/wp-content\/uploads\/2019\/09\/20190919_112715-e1568922229500-768x1024.jpg","type":"","width":"","height":""}],"twitter_card":"summary_large_image","schema":{"@context":"https:\/\/schema.org","@graph":[{"@type":"WebPage","@id":"https:\/\/dopfontherun.com\/?page_id=146","url":"https:\/\/dopfontherun.com\/?page_id=146","name":"Reisen - DOpfOnTheRun","isPartOf":{"@id":"https:\/\/dopfontherun.com\/#website"},"primaryImageOfPage":{"@id":"https:\/\/dopfontherun.com\/?page_id=146#primaryimage"},"image":{"@id":"https:\/\/dopfontherun.com\/?page_id=146#primaryimage"},"thumbnailUrl":"https:\/\/dopfontherun.com\/wp-content\/uploads\/2019\/09\/20190919_112715-e1568922229500-768x1024.jpg","datePublished":"2018-10-28T17:50:52+00:00","dateModified":"2019-09-19T20:27:14+00:00","breadcrumb":{"@id":"https:\/\/dopfontherun.com\/?page_id=146#breadcrumb"},"inLanguage":"de","potentialAction":[{"@type":"ReadAction","target":["https:\/\/dopfontherun.com\/?page_id=146"]}]},{"@type":"ImageObject","inLanguage":"de","@id":"https:\/\/dopfontherun.com\/?page_id=146#primaryimage","url":"https:\/\/i0.wp.com\/dopfontherun.com\/wp-content\/uploads\/2019\/09\/20190919_112715-e1568922229500.jpg?fit=3024%2C4032&ssl=1","contentUrl":"https:\/\/i0.wp.com\/dopfontherun.com\/wp-content\/uploads\/2019\/09\/20190919_112715-e1568922229500.jpg?fit=3024%2C4032&ssl=1","width":3024,"height":4032},{"@type":"BreadcrumbList","@id":"https:\/\/dopfontherun.com\/?page_id=146#breadcrumb","itemListElement":[{"@type":"ListItem","position":1,"name":"Startseite","item":"https:\/\/dopfontherun.com\/"},{"@type":"ListItem","position":2,"name":"Reisen"}]},{"@type":"WebSite","@id":"https:\/\/dopfontherun.com\/#website","url":"https:\/\/dopfontherun.com\/","name":"DOpfOnTheRun","description":"Ein Dutch Oven unterwegs im Wohnmobil","publisher":{"@id":"https:\/\/dopfontherun.com\/#organization"},"potentialAction":[{"@type":"SearchAction","target":{"@type":"EntryPoint","urlTemplate":"https:\/\/dopfontherun.com\/?s={search_term_string}"},"query-input":{"@type":"PropertyValueSpecification","valueRequired":true,"valueName":"search_term_string"}}],"inLanguage":"de"},{"@type":"Organization","@id":"https:\/\/dopfontherun.com\/#organization","name":"DOpfOnTheRun","url":"https:\/\/dopfontherun.com\/","logo":{"@type":"ImageObject","inLanguage":"de","@id":"https:\/\/dopfontherun.com\/#\/schema\/logo\/image\/","url":"https:\/\/i0.wp.com\/dopfontherun.com\/wp-content\/uploads\/2018\/10\/cropped-DOTR_Logo_150_headless.png?fit=147%2C114&ssl=1","contentUrl":"https:\/\/i0.wp.com\/dopfontherun.com\/wp-content\/uploads\/2018\/10\/cropped-DOTR_Logo_150_headless.png?fit=147%2C114&ssl=1","width":147,"height":114,"caption":"DOpfOnTheRun"},"image":{"@id":"https:\/\/dopfontherun.com\/#\/schema\/logo\/image\/"}}]}},"jetpack_sharing_enabled":true,"post_mailing_queue_ids":[],"_links":{"self":[{"href":"https:\/\/dopfontherun.com\/index.php?rest_route=\/wp\/v2\/pages\/146","targetHints":{"allow":["GET"]}}],"collection":[{"href":"https:\/\/dopfontherun.com\/index.php?rest_route=\/wp\/v2\/pages"}],"about":[{"href":"https:\/\/dopfontherun.com\/index.php?rest_route=\/wp\/v2\/types\/page"}],"author":[{"embeddable":true,"href":"https:\/\/dopfontherun.com\/index.php?rest_route=\/wp\/v2\/users\/2"}],"replies":[{"embeddable":true,"href":"https:\/\/dopfontherun.com\/index.php?rest_route=%2Fwp%2Fv2%2Fcomments&post=146"}],"version-history":[{"count":9,"href":"https:\/\/dopfontherun.com\/index.php?rest_route=\/wp\/v2\/pages\/146\/revisions"}],"predecessor-version":[{"id":852,"href":"https:\/\/dopfontherun.com\/index.php?rest_route=\/wp\/v2\/pages\/146\/revisions\/852"}],"wp:attachment":[{"href":"https:\/\/dopfontherun.com\/index.php?rest_route=%2Fwp%2Fv2%2Fmedia&parent=146"}],"curies":[{"name":"wp","href":"https:\/\/api.w.org\/{rel}","templated":true}]}}